 518442?
False
Does 10 divide 1943020?
True
Is 375936 a multiple of 128?
True
Is 95 a factor of 1157331?
False
Is 1415064 a multiple of 42?
True
Does 1072 divide 7177040?
True
Is 8765854 a multiple of 364?
False
Is 18150 a multiple of 67?
False
Is 93601 a multiple of 14?
False
Is 9 a factor of 17681310?
True
Is 303984 a multiple of 16?
True
Is 1829440 a multiple of 64?
True
Does 12 divide 20670596?
False
Does 98 divide 684382?
False
Is 26 a factor of 60840?
True
Is 148814 a multiple of 7?
False
Does 2 divide 683079?
False
Does 19 divide 227306?
False
Does 6 divide 127140?
True
Does 139 divide 2462807?
False
Is 66481 a multiple of 102?
False
Is 130123 a multiple of 68?
False
Does 169 divide 4501653?
True
Is 3071275 a multiple of 5?
True
Is 3590397 a multiple of 367?
False
Does 935 divide 283334?
False
Is 215264 a multiple of 223?
False
Is 20 a factor of 540660?
True
Is 10 a factor of 612656?
False
Is 33 a factor of 206415?
True
Is 279788 a multiple of 4?
True
Does 106 divide 231885?
False
Is 81360 a multiple of 180?
True
Does 25 divide 679463?
False
Does 953 divide 3018151?
True
Is 23 a factor of 31510?
True
Does 64 divide 485952?
True
Does 86 divide 548594?
True
Does 27 divide 2988522?
True
Is 2 a factor of 1312920?
True
Does 116 divide 10900752?
True
Is 13928 a multiple of 18?
False
Is 189 a factor of 220037?
False
Is 16 a factor of 62256?
True
Is 1740706 a multiple of 1041?
False
Is 17 a factor of 298384?
True
Is 41 a factor of 232046?
False
Is 159630 a multiple of 17?
True
Is 4230906 a multiple of 94?
False
Is 344 a factor of 7004306?
False
Is 315150 a multiple of 116?
False
Is 23 a factor of 30314866?
False
Is 35128 a multiple of 102?
False
Is 17 a factor of 404991?
True
Does 91 divide 269579?
False
Is 435 a factor of 9514826?
False
Does 148 divide 159692?
True
Is 6630983 a multiple of 38?
False
Is 107 a factor of 4188779?
False
Does 194 divide 936632?
True
Does 13 divide 1165333?
True
Is 126 a factor of 3644046?
True
Is 7769200 a multiple of 9?
False
Is 1595105 a multiple of 155?
True
Is 44 a factor of 3790765?
False
Does 10 divide 6725088?
False
Is 2896080 a multiple of 33?
True
Is 272 a factor of 1430720?
True
Does 137 divide 7676384?
True
Is 87 a factor of 836824?
False
Is 4 a factor of 108618?
False
Is 572220 a multiple of 109?
False
Is 15 a factor of 3152027?
False
Does 204 divide 462876?
True
Is 15 a factor of 117552?
False
Does 425 divide 19125?
True
Is 66 a factor of 8713716?
True
Is 193368 a multiple of 91?
False
Does 2016 divide 15740033?
False
Is 2629751 a multiple of 93?
False
Does 267 divide 1154901?
False
Does 164 divide 69751?
False
Is 176 a factor of 616352?
True
Is 20 a factor of 1789557?
False
Is 9439024 a multiple of 16?
True
Does 10 divide 161560?
True
Is 8 a factor of 420045?
False
Is 152 a factor of 222680?
True
Does 6 divide 396564?
True
Is 68660 a multiple of 11?
False
Does 157 divide 581057?
True
Is 719 a factor of 131486?
False
Does 308 divide 153047?
False
Is 266655 a multiple of 435?
True
Is 46 a factor of 1639331?
False
Is 340 a factor of 14780480?
True
Is 1522222 a multiple of 220?
False
Is 17 a factor of 5627095?
False
Is 806099 a multiple of 7?
True
Does 41 divide 107051?
True
Does 28 divide 213027?
False
Is 7365 a multiple of 15?
True
Does 282 divide 19280340?
True
Does 67 divide 80480?
False
Does 16 divide 22241?
False
Is 405 a factor of 26868510?
True
Does 46 divide 36763?
False
Is 5875747 a multiple of 415?
False
Is 24750 a multiple of 3?
True
Is 44 a factor of 13928200?
True
Is 1003 a factor of 848538?
True
Does 4 divide 3893?
False
Is 16 a factor of 3509984?
True
Is 163785 a multiple of 305?
True
Does 410 divide 3145520?
True
Does 22 divide 56437?
False
Is 405006 a multiple of 100?
False
Does 35 divide 1229618?
False
Is 1419208 a multiple of 4?
True
Is 284 a factor of 3473675?
False
Is 318 a factor of 6684625?
False
Is 217927 a multiple of 3?
False
Is 10 a factor of 10206518?
False
Is 127 a factor of 86741?
True
Is 1479387 a multiple of 36?
False
Does 300 divide 4438200?
True
Is 1554424 a multiple of 219?
False
Is 23612 a multiple of 2?
True
Is 24 a factor of 1284000?
True
Does 92 divide 50048?
True
Is 325 a factor of 936325?
True
Does 14 divide 237209?
False
Does 121 divide 6173675?
False
Is 356 a factor of 1916452?
False
Is 462 a factor of 37587?
False
Does 2 divide 68693?
False
Does 235 divide 17539977?
False
Does 30 divide 1636890?
True
Does 68 divide 43685?
False
Is 226 a factor of 673480?
True
Is 29 a factor of 98767?
False
Does 263 divide 2795427?
True
Is 199 a factor of 398597?
True
Does 94 divide 1527500?
True
Does 126 divide 32004?
True
Is 57 a factor of 27531?
True
Is 54 a factor of 1720548?
True
Is 27 a factor of 273078?
True
Does 147 divide 309415?
False
Is 451480 a multiple of 10?
True
Is 79 a factor of 58697?
True
Is 29 a factor of 405549?
False
Is 508194 a multiple of 180?
False
Is 776256 a multiple of 156?
True
Is 2018 a factor of 1904992?
True
Is 16 a factor of 40937360?
True
Is 388 a factor of 613055?
False
Is 92352 a multiple of 173?
False
Is 16 a factor of 1605140?
False
Does 154 divide 8269646?
True
Is 1141 a factor of 2222668?
True
Is 103043 a multiple of 42?
False
Is 1904154 a multiple of 36?
False
Is 16 a factor of 14459324?
False
Is 97 a factor of 4686458?
True
Does 12 divide 1558044?
True
Is 43 a factor of 187525?
False
Is 77 a factor of 147163?
False
Is 2 a factor of 129133?
False
Does 32 divide 1050082?
False
Does 2 divide 60647?
False
Is 62 a factor of 702584?
True
Is 3698100 a multiple of 7?
True
Is 62326 a multiple of 26?
False
Does 100 divide 3009364?
False
Is 351309 a multiple of 496?
False
Is 507708 a multiple of 27?
True
Does 35 divide 1509305?
True
Is 4414438 a multiple of 29?
True
Does 10 divide 1473000?
True
Does 4 divide 2776040?
True
Does 10 divide 95700?
True
Is 142 a factor of 192882?
False
Is 20 a factor of 19082?
False
Is 6520761 a multiple of 117?
True
Is 17508 a multiple of 4?
True
Is 5905528 a multiple of 17?
True
Is 83490 a multiple of 115?
True
Does 46 divide 382034?
False
Does 178 divide 1044067?
False
Is 1470576 a multiple of 672?
False
Is 186 a factor of 94486?
False
Is 156 a factor of 1065237?
False
Is 6553664 a multiple of 1352?
False
Is 1037662 a multiple of 137?
False
Is 9818578 a multiple of 63?
False
Is 901320 a multiple of 30?
True
Does 588 divide 5197920?
True
Is 11 a factor of 248193?
True
Does 94 divide 1286278?
False
Does 339 divide 534603?
True
Is 372636 a multiple of 19?
False
Is 21 a factor of 236334?
True
Is 43 a factor of 612965?
True
Is 4137642 a multiple of 54?
True
Does 61 divide 21014?
False
Is 56 a factor of 4597656?
True
Does 221 divide 12091291?
False
Is 52 a factor of 244296?
True
Is 613 a factor of 1348600?
True
Is 1841 a factor of 17524479?
True
Is 78 a factor of 496701?
False
Is 5 a factor of 2478878?
False
Does 91 divide 4114786?
False
Is 59772 a multiple of 102?
True
Does 27 divide 43281?
True
Is 18 a factor of 1435966?
False
Is 6910983 a multiple of 471?
True
Is 7 a factor of 193229?
False
Does 27 divide 610497?
True
Does 21 divide 858413?
False
Is 37090 a multiple of 12?
False
Is 495 a factor of 5209534?
False
Does 35 divide 3726385?
False
Does 4 divide 1007252?
True
Is 1164472 a multiple of 152?
True
Is 51 a factor of 230720?
False
Is 438402 a multiple of 97?
False
Does 251 divide 311553?
False
Does 12 divide 20287452?
True
Is 306 a factor of 249084?
True
Is 129 a factor of 37831?
False
Does 28 divide 4528832?
True
Is 30 a factor of 1995436?
False
Is 4 a factor of 2390784?
True
Does 24 divide 21057168?
True
Is 164905 a multiple of 13?
True
Is 12354291 a multiple of 153?
True
Does 297 divide 136318?
False
Does 320 divide 346880?
True
Is 3 a factor of 80382?
True
Is 2 a factor of 242859?
False
Is 34 a factor of 109114?
False
Is 12 a factor of 4967120?
False
Is 1789196 a multiple of 7?
False
Is 282 a factor of 30582618?
True
Is 30020 a multiple of 95?
True
Does 23 divide 3136901?
True
Is 4 a factor of 389343?
False
Is 1310341 a multiple of 13?
False
Is 245221 a multiple of 8?
False
Does 20 divide 101039?
False
Is 46 a factor of 1936968?
True
Is 1044085 a multiple of 161?
True
Is 147 a factor of 671465?
False
Does 13 divide 1283828?
True
Does 871 divide 4351516?
True
Does 56 divide 2576?
True
Is 59 a factor of 785130